{"id":12832,"date":"2026-03-05T15:41:53","date_gmt":"2026-03-05T15:41:53","guid":{"rendered":"https:\/\/darstore.net\/?post_type=product&#038;p=12832"},"modified":"2026-03-10T14:55:22","modified_gmt":"2026-03-10T14:55:22","slug":"coiffeuse-royale","status":"publish","type":"product","link":"https:\/\/darstore.net\/?product=coiffeuse-royale","title":{"rendered":"Coiffeuse Royale"},"content":{"rendered":"<p>Coiffeuse au design \u00e9l\u00e9gant et raffin\u00e9, inspir\u00e9e d\u2019un style royal. Elle apporte une touche de luxe \u00e0 votre chambre tout en offrant un espace pratique pour organiser vos accessoires et produits de beaut\u00e9.<\/p>\n<ul>\n<li><strong>Dimentions :<\/strong> 120 \/ 45 \/ 80<\/li>\n<li><strong>couleurs :\u00a0<\/strong>Blanc , Ch\u00e8ne<\/li>\n<li><strong>Mati\u00e8re :\u00a0<\/strong>MDF<\/li>\n<\/ul>\n","protected":false},"excerpt":{"rendered":"<p>Coiffeuse au design \u00e9l\u00e9gant et raffin\u00e9, inspir\u00e9e d\u2019un style royal. Elle apporte une touche de luxe \u00e0 votre chambre tout en offrant un espace pratique pour organiser vos accessoires et produits de beaut\u00e9. Dimentions : 120 \/ 45 \/ 80 couleurs :\u00a0Blanc , Ch\u00e8ne Mati\u00e8re :\u00a0MDF<\/p>\n","protected":false},"featured_media":12835,"comment_status":"open","ping_status":"closed","template":"","meta":[],"product_cat":[32,45],"product_tag":[],"class_list":{"0":"post-12832","1":"product","2":"type-product","3":"status-publish","4":"has-post-thumbnail","6":"product_cat-chambre-a-coucher","7":"product_cat-dressers-chests","9":"first","10":"instock","11":"sale","12":"shipping-taxable","13":"purchasable","14":"product-type-simple"},"jetpack_sharing_enabled":true,"_links":{"self":[{"href":"https:\/\/darstore.net\/index.php?rest_route=\/wp\/v2\/product\/12832","targetHints":{"allow":["GET"]}}],"collection":[{"href":"https:\/\/darstore.net\/index.php?rest_route=\/wp\/v2\/product"}],"about":[{"href":"https:\/\/darstore.net\/index.php?rest_route=\/wp\/v2\/types\/product"}],"replies":[{"embeddable":true,"href":"https:\/\/darstore.net\/index.php?rest_route=%2Fwp%2Fv2%2Fcomments&post=12832"}],"wp:featuredmedia":[{"embeddable":true,"href":"https:\/\/darstore.net\/index.php?rest_route=\/wp\/v2\/media\/12835"}],"wp:attachment":[{"href":"https:\/\/darstore.net\/index.php?rest_route=%2Fwp%2Fv2%2Fmedia&parent=12832"}],"wp:term":[{"taxonomy":"product_cat","embeddable":true,"href":"https:\/\/darstore.net\/index.php?rest_route=%2Fwp%2Fv2%2Fproduct_cat&post=12832"},{"taxonomy":"product_tag","embeddable":true,"href":"https:\/\/darstore.net\/index.php?rest_route=%2Fwp%2Fv2%2Fproduct_tag&post=12832"}],"curies":[{"name":"wp","href":"https:\/\/api.w.org\/{rel}","templated":true}]}}