{"id":12299,"date":"2024-12-11T16:54:02","date_gmt":"2024-12-11T15:54:02","guid":{"rendered":"https:\/\/darstore.net\/?post_type=product&#038;p=12299"},"modified":"2025-12-15T13:57:59","modified_gmt":"2025-12-15T12:57:59","slug":"bureaux-biblio-avec-etageres","status":"publish","type":"product","link":"https:\/\/darstore.net\/?product=bureaux-biblio-avec-etageres","title":{"rendered":"Bureaux-Biblio avec \u00e9tageres"},"content":{"rendered":"<p>Ce bureau pour enfants en MDF, avec des touches de rose et de bleu, est \u00e0 la fois pratique et color\u00e9. Il inclut une biblioth\u00e8que pour ranger les livres et fournitures scolaires.Compact et solide, il s\u2019int\u00e8gre facilement dans une chambre d\u2019enfant et apporte une touche joyeuse \u00e0 l\u2019espace. Parfait pour les activit\u00e9s et l\u2019apprentissage<\/p>\n<ul>\n<li><strong>Dimentions :<\/strong> 100 \/ 50 \/ 150<\/li>\n<li><strong>couleurs :\u00a0<\/strong>Blanc+Bleu , Blanc+Rose<\/li>\n<li><strong>Mati\u00e8re :\u00a0<\/strong>MDF<\/li>\n<\/ul>\n","protected":false},"excerpt":{"rendered":"<p>Ce bureau pour enfants en MDF, avec des touches de rose et de bleu, est \u00e0 la fois pratique et color\u00e9. Il inclut une biblioth\u00e8que pour ranger les livres et fournitures scolaires.Compact et solide, il s\u2019int\u00e8gre facilement dans une chambre d\u2019enfant et apporte une touche joyeuse \u00e0 l\u2019espace. Parfait pour les activit\u00e9s et l\u2019apprentissage Dimentions [&hellip;]<\/p>\n","protected":false},"featured_media":12300,"comment_status":"open","ping_status":"closed","template":"","meta":[],"product_cat":[119,48],"product_tag":[],"class_list":{"0":"post-12299","1":"product","2":"type-product","3":"status-publish","4":"has-post-thumbnail","6":"product_cat-bureaux","7":"product_cat-zone-de-travail","9":"first","10":"outofstock","11":"sale","12":"shipping-taxable","13":"purchasable","14":"product-type-simple"},"jetpack_sharing_enabled":true,"_links":{"self":[{"href":"https:\/\/darstore.net\/index.php?rest_route=\/wp\/v2\/product\/12299","targetHints":{"allow":["GET"]}}],"collection":[{"href":"https:\/\/darstore.net\/index.php?rest_route=\/wp\/v2\/product"}],"about":[{"href":"https:\/\/darstore.net\/index.php?rest_route=\/wp\/v2\/types\/product"}],"replies":[{"embeddable":true,"href":"https:\/\/darstore.net\/index.php?rest_route=%2Fwp%2Fv2%2Fcomments&post=12299"}],"wp:featuredmedia":[{"embeddable":true,"href":"https:\/\/darstore.net\/index.php?rest_route=\/wp\/v2\/media\/12300"}],"wp:attachment":[{"href":"https:\/\/darstore.net\/index.php?rest_route=%2Fwp%2Fv2%2Fmedia&parent=12299"}],"wp:term":[{"taxonomy":"product_cat","embeddable":true,"href":"https:\/\/darstore.net\/index.php?rest_route=%2Fwp%2Fv2%2Fproduct_cat&post=12299"},{"taxonomy":"product_tag","embeddable":true,"href":"https:\/\/darstore.net\/index.php?rest_route=%2Fwp%2Fv2%2Fproduct_tag&post=12299"}],"curies":[{"name":"wp","href":"https:\/\/api.w.org\/{rel}","templated":true}]}}