{"id":12144,"date":"2024-11-23T11:50:58","date_gmt":"2024-11-23T10:50:58","guid":{"rendered":"https:\/\/darstore.net\/?post_type=product&#038;p=12144"},"modified":"2024-11-23T13:35:07","modified_gmt":"2024-11-23T12:35:07","slug":"lit-2-places-tappiserie","status":"publish","type":"product","link":"https:\/\/darstore.net\/?product=lit-2-places-tappiserie","title":{"rendered":"Lit 2 Places Tappiserie"},"content":{"rendered":"<p>Ce lit avec une t\u00eate de lit en MDF, recouverte de tapisserie, allie confort et \u00e9l\u00e9gance. Le rev\u00eatement en tissu offre une touche de douceur et de raffinement, tandis que la structure en MDF garantit solidit\u00e9 et durabilit\u00e9. Un choix parfait pour ajouter du style et du confort \u00e0 votre chambre.<\/p>\n<ul>\n<li><strong>Dimentions :<\/strong> 160 \/ 190 et 140 \/ 190<\/li>\n<li><strong>couleurs :\u00a0<\/strong>blanc , ch\u00e8ne<\/li>\n<li><strong>Mati\u00e8re :\u00a0<\/strong>MDF<\/li>\n<\/ul>\n","protected":false},"excerpt":{"rendered":"<p>Ce lit avec une t\u00eate de lit en MDF, recouverte de tapisserie, allie confort et \u00e9l\u00e9gance. Le rev\u00eatement en tissu offre une touche de douceur et de raffinement, tandis que la structure en MDF garantit solidit\u00e9 et durabilit\u00e9. Un choix parfait pour ajouter du style et du confort \u00e0 votre chambre. Dimentions : 160 \/ [&hellip;]<\/p>\n","protected":false},"featured_media":12006,"comment_status":"open","ping_status":"closed","template":"","meta":[],"product_cat":[32,33],"product_tag":[],"class_list":{"0":"post-12144","1":"product","2":"type-product","3":"status-publish","4":"has-post-thumbnail","6":"product_cat-chambre-a-coucher","7":"product_cat-lits","9":"first","10":"instock","11":"sale","12":"shipping-taxable","13":"purchasable","14":"product-type-simple"},"jetpack_sharing_enabled":true,"_links":{"self":[{"href":"https:\/\/darstore.net\/index.php?rest_route=\/wp\/v2\/product\/12144","targetHints":{"allow":["GET"]}}],"collection":[{"href":"https:\/\/darstore.net\/index.php?rest_route=\/wp\/v2\/product"}],"about":[{"href":"https:\/\/darstore.net\/index.php?rest_route=\/wp\/v2\/types\/product"}],"replies":[{"embeddable":true,"href":"https:\/\/darstore.net\/index.php?rest_route=%2Fwp%2Fv2%2Fcomments&post=12144"}],"wp:featuredmedia":[{"embeddable":true,"href":"https:\/\/darstore.net\/index.php?rest_route=\/wp\/v2\/media\/12006"}],"wp:attachment":[{"href":"https:\/\/darstore.net\/index.php?rest_route=%2Fwp%2Fv2%2Fmedia&parent=12144"}],"wp:term":[{"taxonomy":"product_cat","embeddable":true,"href":"https:\/\/darstore.net\/index.php?rest_route=%2Fwp%2Fv2%2Fproduct_cat&post=12144"},{"taxonomy":"product_tag","embeddable":true,"href":"https:\/\/darstore.net\/index.php?rest_route=%2Fwp%2Fv2%2Fproduct_tag&post=12144"}],"curies":[{"name":"wp","href":"https:\/\/api.w.org\/{rel}","templated":true}]}}